 = 161 + z. What are the prime factors of s?
61
Let p(f) = 6*f**2 - 2*f + 1. Let u be p(1). Let c(k) = 20*k + 6. What are the prime factors of c(u)?
2, 53
Let d(x) = x**3 + 20*x**2 - 25*x - 13. Suppose 85 + 20 = -5*r. What are the prime factors of d(r)?
71
Let c(x) = 7*x**2 + 3*x + 53. Let l(f) = -3*f**2 - f - 27. Let z(g) = -2*c(g) - 5*l(g). What are the prime factors of z(10)?
7, 17
Let v(r) = r**3 - 38*r**2 + 73*r + 152. What are the prime factors of v(38)?
2, 7, 11, 19
Let f(p) = 72*p - 99. What are the prime factors of f(7)?
3, 5
Let b(f) = 8*f - 13. Let a be b(17). Suppose 8*u - 213 - a = 0. What are the prime factors of u?
2, 3, 7
Suppose 2*w = -13 - 5. Let r = w - -23. What are the prime factors of r?
2, 7
Suppose 0 = -2*l - 5*g + 2, -5*l = -4*g - 27 - 11. Suppose -7*k = -l*k + 1. List the prime factors of k*5/((-10)/34).
17
Suppose -566 = -4*j + 5*r + 512, j + 2*r = 263. List the prime factors of j.
3, 89
Suppose 4*i + 17 = -c, -4*i - 26 = 3*c + 1. Let p be (-1)/(-5) - 274/c. Suppose 0 = 5*v - 5*y - p, 0 = 3*v + 2*v - y - 43. List the prime factors of v.
2
Let o = -193 - -635. What are the prime factors of ((-12)/8)/((-3)/o)?
13, 17
Let r = 82 - 78. Suppose -4*p - r*w = -400, w + 2 + 3 = 0. List the prime factors of p.
3, 5, 7
Let t = -377 + 1070. List the prime factors of t.
3, 7, 11
Let o(f) = -6*f**2 + f - 8. Let u(k) = -k**2 - 1. Let v(s) = -o(s) + 5*u(s). Suppose -3*x + 2*q - 1 = -11, 0 = 2*x - q - 5. What are the prime factors of v(x)?
3
Let i(q) = -56*q + 2. Let n be i(-3). Let s = 14 + n. What are the prime factors of s?
2, 23
Suppose 5*h - 41 = -4*v, 2*v = 3*v - h - 8. Suppose -5*i - v + 19 = 0. Suppose -92 = -4*t + 4*j, i*t = -3*t - 5*j + 125. List the prime factors of t.
2, 3
Suppose -l + 3 = 16. Let h be 5/2 + l/(-26). Suppose -5*a + h*o = -301, -5*a + 289 = -0*a + 3*o. What are the prime factors of a?
59
Let n(r) = -2*r - 10. Suppose 4*w = 2*w - 14. List the prime factors of n(w).
2
List the prime factors of (102 - 0)*390/117.
2, 5, 17
Let f(i) = 232*i - 254. List the prime factors of f(4).
2, 337
Let a(r) = 7*r - 25. Let q be (-20)/30 + 34/6. What are the prime factors of a(q)?
2, 5
Let o(s) = s**2 - s + 10. Let p be o(0). Let q(v) = v**3 - 13*v**2 + 14*v - 1. Let y(l) = l**2 - l. Let w(t) = q(t) + 2*y(t). List the prime factors of w(p).
19
Let c(g) = 9*g**2 - 20*g + 74. List the prime factors of c(9).
7, 89
Suppose 4*b - 16*b + 9432 = 0. What are the prime factors of b?
2, 3, 131
Let j be 4 + (-1)/(1/12). Let d = j + 35. What are the prime factors of d?
3
Let h(k) be the first derivative of -k**4/4 - k**3/3 + k + 6. Let n be h(-5). Suppose -4*j - 5 + n = 0. List the prime factors of j.
2, 3
Let j(v) be the first derivative of 2*v**3/3 - 7*v**2 + v + 6. Suppose 0 = 5*t - 2*z - 50, -z - 30 = -3*t + 3*z. What are the prime factors of j(t)?
61
Let k = 28 + -17. Let z = k + -17. What are the prime factors of 2/z + (-978)/(-18)?
2, 3
Let l be 9/6*(-8 - -4). What are the prime factors of (-5852)/(-57) - 2/l?
103
List the prime factors of (-61 + 88)*-1*(-166)/3.
2, 3, 83
Let h(u) = -7*u**3 - 11*u**2 + 2*u - 3. List the prime factors of h(-8).
2861
Let n = -608 + 1298. List the prime factors of n.
2, 3, 5, 23
Let i(a) = -a**3 - a**2 - 2*a - 2. Let f be i(-2). Suppose -3*q = -f*q + 183. Let p = -31 + q. List the prime factors of p.
2, 3, 5
Let u be 6/(-1 + 0 + -1). Let c(z) = 36*z**2 - 5*z + 2. List the prime factors of c(u).
11, 31
Let a(q) = 177*q + 7. Let o be a(4). Suppose -11*p + 6*p + o = 0. List the prime factors of p.
11, 13
Suppose 5*k + 56 = -54. Let f = 5 + k. List the prime factors of f/(-5) - 2/5.
3
Let c(p) = p**3 - 5*p**2 - 5*p + 10. Suppose 32 = 5*k + r, 0 = -4*k + 2*r + 2*r + 16. List the prime factors of c(k).
2
Suppose 0*w = -w + 721. List the prime factors of w.
7, 103
Let a(z) = 4*z - 10. Suppose l + 107 = -4*u, 4*l = -u - 0*u - 8. Let w = u - -41. What are the prime factors of a(w)?
2, 3, 7
Let w = -88 + 521. What are the prime factors of w?
433
Let t be 10/1*(-4 - -11). Suppose 0 = -4*w - 3*w + t. List the prime factors of w.
2, 5
Let b(m) = -21*m + 10. Let n be b(8). Let i = n - -227. List the prime factors of i.
3, 23
Suppose -5*u = -w - 23138, -1666 = -u + w + 2964. What are the prime factors of u?
7, 661
Let m be 22 + -13 - (1 - 4/2). Suppose 71 + m = b. List the prime factors of b.
3
Let s = 21 + -13. Let l = 63 - s. Suppose 3*w + 2*w = l. List the prime factors of w.
11
Let x(b) = 1 - 3*b - b - 3*b + 6*b. Let w be x(1). Suppose -c + 35 = -w*c. What are the prime factors of c?
5, 7
What are the prime factors of (-4)/6 - (724/(-6) + -8)?
2
Suppose r + 3174 = w, -5*r = -w - 6*r + 3168. List the prime factors of w.
3, 7, 151
Let j(a) = -291*a - 63. List the prime factors of j(-3).
2, 3, 5
Suppose -14*s - 16 = -15*s. What are the prime factors of s/10 - (-14)/35?
2
Let u(q) = -93*q**3 - q**2 - 9*q - 12. List the prime factors of u(-2).
2, 373
Suppose -2*h = h - 4*t + 4, 3*t = -2*h + 20. Suppose -5*z - h*k + 7 = -5, 4*k - 12 = -2*z. Suppose 124 = 4*j - z*j. What are the prime factors of j?
31
Let k = 4222 + -2933. What are the prime factors of k?
1289
Let k be ((-18)/5)/((-2)/10). List the prime factors of k*(12/(-8) - -3) + 3.
2, 3, 5
Let i = 63 - 26. Suppose l + u - 140 = i, 0 = 2*l + 5*u - 354. Suppose -n + 189 - 10 = 4*g, -4*g - 3*n = -l. List the prime factors of g.
3, 5
List the prime factors of (3 - 0)*1*(-1040914)/(-1497).
2, 7, 149
Let k(d) = -1 + 7*d - 8*d + 1. Let i be k(-4). What are the prime factors of i/((-3)/(6/(-4)))?
2
Let n = -38 - -28. List the prime factors of (-2)/(-5) + -7*198/n.
139
Let x be 2/(-3) + 93/(-9). Let r be ((-24)/(-30))/(59/(-30) - -2). Let t = r + x. List the prime factors of t.
13
Suppose 0 = x - 2*a + 12, 5*x - 4 = 4*x - 2*a. List the prime factors of (76 + -3)/(x + 5).
73
Suppose 2140 = 9*d - 3683. What are the prime factors of d?
647
Let o(v) = -2*v. Suppose 0 = m - 2*k - 6, -2*k - 16 + 50 = 4*m. Let j = m + -13. What are the prime factors of o(j)?
2, 5
Let w be 0/(16/(-4) + 3). Suppose -4*o + 4*g = -w*o - 16, -o + 4*g + 1 = 0. Suppose -3*s = -o*j - 49, 0 = s - 2*j + 5 - 21. What are the prime factors of s?
2, 3
Let h(r) = -r**3 + 7*r**2 - 7*r + 9. Let g be h(6). Let b = 118 + -40. List the prime factors of b/4*2/g.
13
Suppose m = 5*m + 3*k + 44, -4*m - k = 36. Let b(i) = 2*i**2 + 8*i - 4. What are the prime factors of b(m)?
2, 3, 5
Suppose 3*x - 4*x = -2*x. Let s(q) = -q**3 + 97. What are the prime factors of s(x)?
97
Let l(g) be the second derivative of -g**4/3 - 5*g**3/6 - 2*g**2 + 3*g. Let r be l(-10). What are the prime factors of (-2)/(r/87 - -4)?
29
Let i(o) = o**3 - 12*o**2 + 11*o + 2. Let y be i(11). Suppose -y*p + 1 = -3. List the prime factors of p.
2
Let z(l) = -95*l - 62. What are the prime factors of z(-7)?
3, 67
Let v = 3 - 0. Let z be 1/5*(-25 - -20). Let k = z + v. What are the prime factors of k?
2
Let z(a) = 3*a**2 + 7*a + 20. List the prime factors of z(-3).
2, 13
Suppose -1 = f + 3. Let r be 66/12 + (-2)/f. Suppose m + 92 = 2*i, -2*m + r*m - 217 = -5*i. List the prime factors of i.
3, 5
Suppose 12 = 4*r, -2*r - 321 = -n + 2*r. What are the prime factors of n?
3, 37
Let a(t) be the second derivative of 3*t**4 + t**3/6 - 7*t. What are the prime factors of a(-1)?
5, 7
Let y = -10 - -12. Let b(s) = -y + s**3 + 3 - s**3 + 5*s**2 - s**3. List the prime factors of b(4).
17
Let r be 1 - -20 - (-4)/4. Let x = r - 16. Let z = x - 3. List the prime factors of z.
3
Let h(o) be the first derivative of 81*o**2 - o + 13. What are the prime factors of h(1)?
7, 23
Let a be 303/27 - (-2)/(-9). Suppose a*b + 4 = 12*b. What are the prime factors of b?
2
Suppose 40 = 3*u + 4*n, 5*u = -n - 2*n + 63. Suppose y = 4*t + 32, 0 = -2*t - 2*y - 3 - 23. Let v = t + u. What are the prime factors of v?
3
Suppose 6*d = -4*l + 11*d + 6195, 2*d = 4*l - 6198. What are the prime factors of l?
2, 5, 31
Let l(p) = -2*p + 28. Let w be l(13). Suppose 4*r + 30 = 2*t, 0 = -4*t - w*r - 9 + 29. What are the prime factors of t?
7
Let x be (-4)/26 - (-52150)/130. Suppose -7*m + x = -481. List the prime factors of m.
2, 3, 7
Suppose -3*z = 3*h - 4*z - 8523, -2*z = -5*h + 14204. What are the prime factors of h?
2, 7, 29
Suppose 0 = 3*k + 5*p + 10, -3*k = -0*k + 3*p + 6. Suppose 2*v - 3*m +